e prime factors of (x - -2) + (-8)/4.
79
Let g(q) = 6*q**2 + 5*q - 3. Let i be g(-4). Suppose -12742 + 13654 = 19*u. Let b = i - u. List the prime factors of b.
5
Let r be (0 + 1 - 0)*(-4 + 4). Suppose -5*l + 455 + 2995 = r. What are the prime factors of l?
2, 3, 5, 23
Let o(p) = 7144*p + 3355. List the prime factors of o(4).
37, 863
Let f(b) = -b**3 - 11*b**2 - 3*b - 30. Let a be f(-11). Suppose 5*j - 3*v - 668 = -5*v, 4*j = -a*v + 540. List the prime factors of j.
2, 3, 11
Let f = -120391 - -188626. List the prime factors of f.
3, 5, 4549
Let j(z) = 5*z + 14*z - 2 - 20*z - 3. Let w be j(-4). What are the prime factors of 108 + 1 + 0/w?
109
Let y be 3/(12/632) + -2. Suppose 5*b - 39 = y. Let x = 113 - b. List the prime factors of x.
2, 37
Suppose 11416 = -764*k + 760*k. Let t = -1700 - k. List the prime factors of t.
2, 577
What are the prime factors of 4331 + (84/7)/(-6)?
3, 13, 37
Let v(s) = -s**2 - 29*s + 5. Suppose 0 = -4*y - d - d + 386, -3*y + d + 297 = 0. Let k = y - 122. List the prime factors of v(k).
5
Suppose -2*h + 37430 = 2*v, 5*h - 5*v - 6120 = 87385. List the prime factors of h.
2, 3, 1559
Suppose 18*s = 5*s + 26. Suppose -v + 1281 = s*v. What are the prime factors of v?
7, 61
Suppose 440*o - 1082 = 438*o. Suppose -6*k + 4711 = o. List the prime factors of k.
5, 139
List the prime factors of (12/(-78) + 189511/(-273))*-6.
2, 2083
Suppose -157*a + 2026 + 14828 = -10778. List the prime factors of a.
2, 11
Let h(s) = -47*s - 19. Suppose 3*n = i + 7*n + 11, 5*n + 19 = -3*i. What are the prime factors of h(i)?
2, 61
Suppose -32*p + 30*p = -152. Suppose 5*c + 11 = 4*k - 3*k, -4*c - p = -5*k. List the prime factors of (-4)/(k/30)*156/(-15).
2, 3, 13
Suppose 498056 = 98*s + 5*s + 101918. What are the prime factors of s?
2, 3, 641
Suppose -2*y = 2*f + 8, -70 = -5*f + 10*f - 5*y. List the prime factors of 190 - (f + 3 - -2).
2, 97
Suppose -k = -8*k - 42. Let o be k/(-39) - (-7920)/65. Suppose -3*d + 545 = o. What are the prime factors of d?
3, 47
Let f = 20298 + 6857. List the prime factors of f.
5, 5431
Let q be 38/(-4) + 10 + (-87)/2. Let s = q + 126. What are the prime factors of s?
83
Let m = -1809 - -4484. Suppose -11*x - 15 = -14*x, -5*n = x - m. What are the prime factors of n?
2, 3, 89
Let c(h) = 32*h - 61. Let g be ((-9)/6)/(9/(-48)). Let z(o) = -11*o + 20. Let u(n) = g*z(n) + 3*c(n). What are the prime factors of u(12)?
73
Let r(v) = -19*v - 39. Let g be r(-9). Suppose 3*j = g + 57. Suppose 3*n - 253 + j = -4*b, 0 = 2*n - b - 112. What are the prime factors of n?
2, 29
Let c(f) = -85*f - 6. Let h(r) = -r**2 + 17*r + 44. Let w be h(19). Suppose -3*g - 18 = w*g. What are the prime factors of c(g)?
2, 41
Let y(s) = 8699*s**2 + 564*s - 1692. List the prime factors of y(3).
3, 8699
Let i(o) = o**2 + 7*o + 24. Let v be i(-4). Suppose -4*t = -2*t - v. List the prime factors of t.
2, 3
Let t = 29267 - 20867. Suppose -8*j + 0*j = -t. Suppose -3*d + j = 270. List the prime factors of d.
2, 5, 13
Suppose -7*q = -14, c = 5*q - 2264 + 7803. List the prime factors of c.
31, 179
Let a(f) = 2*f**3 + 51*f**2 - 72*f - 134. Let u be a(-27). Let g = 137 - 241. Let z = g - u. List the prime factors of z.
3, 7, 13
Suppose 7*a = 14 + 14. Suppose a*c = 3*c - 47. Let m = 1 - c. List the prime factors of m.
2, 3
Suppose 71103 + 70675 = 19*d. What are the prime factors of d?
2, 7, 13, 41
Let z(p) = -11 + 3*p**2 - 6*p**2 + 21 - p**3 - 4*p - 16. What are the prime factors of z(-8)?
2, 173
Suppose 16 = -10*w + 6*w. Let y be 232/4*2/4. Let b = y + w. What are the prime factors of b?
5
Suppose 2*o = 3*o - 2*s - 6434, 5*o + 4*s = 32114. Suppose -10*w + o = 7*w. What are the prime factors of w?
2, 3, 7
List the prime factors of 2/(-3) + (-44)/(-48) + 21010325/844.
2, 3, 461
Let d(w) = -5*w - 146. Let o(h) = 6*h + 1. Let y(t) = -d(t) + 3*o(t). What are the prime factors of y(17)?
2, 3, 5
Let j = -26 - -33. Suppose -j = -v + 244. What are the prime factors of v?
251
Suppose -65*q - 51*q + 2518272 = 12*q. What are the prime factors of q?
2, 3, 1093
Suppose 0 = -6*v + 4 + 8. Suppose -2*q + 5*t - v = -0*t, 5*t = 0. List the prime factors of 86*1/((-2)/q).
43
Let m = -86 + 94. Suppose 1 = k, -m*k + 343 = 3*o - 7*k. List the prime factors of o.
2, 3, 19
Let o(w) = -9*w**3 - 3*w**2 + 8*w - 13. List the prime factors of o(-11).
5, 7, 47
Let l(x) = 22*x**2 + 6*x - 8. Suppose 23*s = 21*s + 8. List the prime factors of l(s).
2, 23
Suppose -9*k - 15 = -87. Suppose 5*q = -5*l + 1190, 0 = 13*q - k*q - 3*l - 1158. List the prime factors of q.
2, 3, 13
Suppose 33118 = 87*q + 2407. List the prime factors of q.
353
Let y(h) = 291*h**3 - 2*h**2 + 2*h - 1. Let b(x) = 4*x**2 + 15*x + 7. Let s be b(-6). Suppose 63*m - s*m - 2 = 0. What are the prime factors of y(m)?
2, 5, 29
Suppose 5*i + 275 = 2*d + 3535, 2*i - 1304 = -3*d. Suppose 14*b = 16*b - i. What are the prime factors of b?
2, 163
Let l(a) = -6*a + 11. Let v be l(2). Let t be 0/(1/v + (-1 - -1)). Suppose -3*g - 5*b + 180 = -90, t = 4*b - 12. List the prime factors of g.
5, 17
Let w(v) = 53*v - 105. Suppose -u - 5 = -a, 4*u - 1 = 3*a - 14. List the prime factors of w(a).
2, 7, 19
Let k(g) = -2*g**2 - 7*g + 7. Let s be k(-4). Suppose s*h - 1577 = -4*m + 1341, -5*m = h - 3653. List the prime factors of m.
17, 43
Suppose 2*j + 2 = 2*t - 0*t, -2*j = -4*t + 8. Suppose -10 = -g - t. Suppose 4*i - g*i = -444. What are the prime factors of i?
2, 37
Suppose -3*c - 4*j - 15 = -j, 0 = 4*c + 2*j + 26. Let p(s) be the first derivative of 3*s**2/2 + 42*s - 15. List the prime factors of p(c).
2, 3
Let b be 2 + (1 - 2 - -1). Suppose -2*n + 0*n + 32 = -3*p, -b*p = 0. Let c = 23 - n. List the prime factors of c.
7
Suppose 160933 - 58283 = 25*c. What are the prime factors of c?
2, 2053
Let q(i) = 13*i**2 + 656*i - 71. What are the prime factors of q(-54)?
19, 127
Suppose -391*b + 387*b = 0. Suppose b = -14*s + s + 13780. What are the prime factors of s?
2, 5, 53
Let j = 41683 - 24892. What are the prime factors of j?
3, 29, 193
Let f(s) = -5*s**2 - s + 3. Let b be f(5). Let j(g) = g**2 - 44*g + 509. Let u be j(36). Let y = b + u. What are the prime factors of y?
2, 47
List the prime factors of (31/((-558)/(-159255)))/(2/20).
5, 3539
Suppose 18 - 33 = -5*l. Suppose 4*j = -2*n + 310, -l*n + 0*n + j + 437 = 0. What are the prime factors of n?
3, 7
Let z = -8 - -12. Let v(y) = 4*y. Let l be v(11). Suppose -d + 20 = r, -2*d + r - l = -z*d. List the prime factors of d.
2, 3
Suppose 11*f - 32 = 7*f. Suppose f*g - 556 = 580. What are the prime factors of g?
2, 71
Let t(o) be the second derivative of o**4/4 + 5*o**3/3 - o**2/2 - o. Let h(u) = u**2 + 52*u - 487. Let y be h(-60). List the prime factors of t(y).
2, 19
Suppose 2*y = 6*y - 4. Suppose -90 = -5*s - 4*k, 2*s + 4*k - 17 = 19. What are the prime factors of s + (1 - y) + 4?
2, 11
Let d be (2/(-6))/((-1)/12). Suppose -i = d*i - 2*z - 1023, -5*z - 815 = -4*i. Suppose -127 = -4*f + i. What are the prime factors of f?
83
Let q(w) = -576*w + 289. What are the prime factors of q(-7)?
29, 149
Let r = 1228 + 7964. What are the prime factors of r?
2, 3, 383
Let q be (108/(-8))/1*(-18)/1. Suppose -q = -6*o - 51. Suppose 4*n + 2*b = 20 + o, -2*n + 22 = 3*b. List the prime factors of n.
2, 7
Let n = -8 + 34. Let q be (1*2)/(n/949). Let k = -41 + q. List the prime factors of k.
2
Let t = -79 + 1074. Let m = 1698 - t. List the prime factors of m.
19, 37
Let f(n) = 80*n + 487. What are the prime factors of f(110)?
37, 251
What are the prime factors of (279 - (-30)/10)*12?
2, 3, 47
Suppose -571*p - 3219392 = -49388168. What are the prime factors of p?
2, 3, 1123
Suppose 2*s + p = 29871 + 25920, 0 = 5*p + 25. List the prime factors of s.
2, 13, 29, 37
Let p(u) = 110*u**2 + 3*u - 5. Let n be (2/(-8)*2)/(16/96). List the prime factors of p(n).
2, 61
Suppose 9*b = 7*b + 84. Suppose b = i - 3*i. Let z = i - -66. List the prime factors of z.
3, 5
Let v be -6*1/(-2)*-294 - -5. Let b = -473 - v. List the prime factors of b.
2, 101
Let c = -70 - -70. Suppose c = -3*q - 5*v + 777, 0 = 4*q - v - 4*v - 1036. What are the prime factors of q?
7, 37
Let t = -190 - -190. Suppose -3*b - 83 = -n, 2*n - 4*n + 5*b + 168 = t. What are the prime factors of n?
89
Suppose -3*u + 3 = p - 5*u, -5*p = u + 29. What are the prime factors